 = 4*p. What is the remainder when 3165 is divided by f?
45
Suppose -16*w = 18*w - 1122. Suppose -62*c - 1358 = -76*c. What is the remainder when c is divided by w?
31
Let o(y) = 5*y - 70. Let b be o(13). Let a(l) = 6*l**2 + 15*l - 10. Let j(q) = -14*q - 3. Calculate the remainder when a(b) is divided by j(-1).
10
Suppose 2*i = 2*d - 4, 34*d = -5*i + 30*d + 35. Suppose 3*k + 2*r = -0*k + 96, -i*k = r - 93. What is the remainder when k is divided by 16?
14
Let w(y) be the first derivative of 3*y**4/4 - 16*y**3/3 + 6*y**2 - 5*y + 19. Calculate the remainder when w(6) is divided by 43.
10
Let v(y) = y**2 - 2*y - 475. Calculate the remainder when 517 is divided by v(-21).
5
Let n(v) = 9*v + 2. Calculate the remainder when ((1620/(-42))/(-6))/((-72)/(-840)) is divided by n(4).
37
Let w(l) = -l**3 + 30*l**2 - 222*l + 23. Calculate the remainder when 597 is divided by w(17).
3
Let n = 1057 - 167. Calculate the remainder when n is divided by 19.
16
Suppose 2*i - 2 = -o, -i + 2 = -5*o + 1. Suppose 4*q - b + o*b = 384, -4*b - 96 = -q. What is the remainder when q is divided by 21?
12
Let w = 495 - 208. Suppose -3*l = p - 64 - w, -p + 354 = 4*l. Calculate the remainder when p is divided by 43.
41
Suppose 0 = -2*u + 5*r + 93, 3*u + 60*r - 177 = 55*r. Calculate the remainder when 534 is divided by u.
48
Suppose -5*d + 258 = -3*z - 0*z, 0 = 5*z + 5. Let k = -36 + d. Suppose 5*f + 0*f = -t - 7, -4*t = 2*f - 26. What is the remainder when k is divided by t?
7
Let k = 9905 - 9843. Let s = -48 - -227. Calculate the remainder when s is divided by k.
55
Let k = -2122 + 2175. Calculate the remainder when 634 is divided by k.
51
Suppose 250*a - 119765 = 22735. What is the remainder when a is divided by 568?
2
Calculate the remainder when 2617 is divided by 2*(12 + -8 + 13).
33
Let m = -17947 - -17952. Suppose -79 = -4*f - t, 3*t - 4*t = -3. Let h = f + -2. What is the remainder when h is divided by m?
2
Let f be 8/(-4) + 8 - 6. Suppose -25*k + 42 + 283 = f. Suppose -q = -3*q - z + 259, 4*q - 2*z - 514 = 0. What is the remainder when q is divided by k?
12
Let s = -568 + 601. Suppose 0 = 2*b - 4*b + 28. Suppose 32*p - s*p = -b. Calculate the remainder when 96 is divided by p.
12
Suppose -3*p = 4*o - 651, 4*p - 2*o - 868 = 3*o. Let i = p - 183. Let g(w) = -w + 16. What is the remainder when i is divided by g(7)?
7
Let h(p) = 363*p**3 - p**2 - 3*p. Let y be h(-1). Let x = y + 390. Calculate the remainder when x is divided by 11.
7
What is the remainder when -22*((-902)/132 - 1/(-3)) is divided by 48?
47
Let u(k) = 0*k**2 - 10*k + 2*k**2 + 0*k**2 - k**2 + 50. What is the remainder when u(7) is divided by 10?
9
Let r = -544 - -729. What is the remainder when r is divided by 36?
5
Let n = -6735 + 6766. Let t(v) = -35*v + 41. Calculate the remainder when t(-5) is divided by n.
30
Suppose -770 = 213*d - 283*d. Let k(t) = 15*t**3 - t. Calculate the remainder when k(1) is divided by d.
3
Let y(q) = 3*q**2 - 26*q - 1578. What is the remainder when y(-27) is divided by 221?
206
Let w(b) = 98*b**2 + 1. Let s = -1202 + 1223. What is the remainder when w(-1) is divided by s?
15
Let t(c) = -38*c**3 - 2*c**2 - 519*c - 1032. What is the remainder when t(-2) is divided by 197?
105
Suppose 367*f - 184*f = 87474. Calculate the remainder when f is divided by 106.
54
Let j be 1643169/(-221) + 2/13. Calculate the remainder when (0 - (-12)/(-30)) + j/(-25) is divided by 102.
93
What is the remainder when 41 is divided by -1 + 19 + (-8)/((-16)/6)?
20
Let x(z) = z - 2. Let h be x(4). What is the remainder when 1*(332/h - -1) is divided by 3/((-6)/20)*(-54)/12 - 3?
41
Suppose 28*l - 24*l - 16 = 0. Suppose 0 = 5*u + l*n + 630, -2*n - 250 = -0*u + 2*u. What is the remainder when (u/(-15))/(1/3) is divided by 15?
11
Let p be 1896/395 + (-2)/(-10). Suppose -3*g + 399 = -4*a - 15, p*g + 2*a - 690 = 0. What is the remainder when g is divided by 54?
30
Let s = 186 - 204. What is the remainder when 56 is divided by -1 - s - (-9 + 14)?
8
Suppose 0 = -5*o + 25, -a - 4*a = 2*o - 145. Suppose -19*z = -a*z + 64. Suppose 0 = -0*t + t - 15. What is the remainder when t is divided by z?
7
Suppose -802 = -7*y + 346. Calculate the remainder when y is divided by 34.
28
Let v(i) = -2*i**2 + 24*i + 16. Let j be v(8). Let t = j - 54. Calculate the remainder when 50 is divided by t.
24
Let d(i) be the second derivative of i**4/3 + 61*i**3/6 + i**2/2 + i - 4. Calculate the remainder when d(-18) is divided by 34.
29
Suppose -k + 3*p = -2*p - 343, -5*p - 1432 = -4*k. Calculate the remainder when k is divided by 101.
60
What is the remainder when 380 is divided by -16 + (-2023)/(-35) - (-8)/(-10)?
11
Let s be (-2)/(-4)*(-1 - -1). Suppose s = -2*p - 7*p + 45. Suppose p + 0 = y. What is the remainder when 21 is divided by y?
1
Let p(i) = -i**3 + 6*i**2 - 4*i. What is the remainder when 3360/40 - (-28 - -24) is divided by p(4)?
8
Let a = -414 + 579. Calculate the remainder when a is divided by 48.
21
Let m = 119949 + -119937. Let t = -46 - -91. Calculate the remainder when t is divided by m.
9
Suppose -15142 = -278*a + 4827 - 3845. What is the remainder when 574 is divided by a?
52
Suppose 5*o - 10*o + 3*r = -155, -2*r - 31 = -o. What is the remainder when 11/(33/(-9)) - (4 + -67) is divided by o?
29
Let n = 80 + -17. Suppose 3*q - 5*x - 17 = n, -2*q = -3*x - 54. Calculate the remainder when q is divided by 8.
6
Let i(a) = 8*a**3 - 463*a**2 - 54*a - 215. Let u(z) = -84*z - 12. What is the remainder when u(-8) is divided by i(58)?
14
Let z(m) = m**2 + 83*m + 1631. Suppose 31 = -3*t + 175. What is the remainder when z(-54) is divided by t?
17
Calculate the remainder when 553 is divided by (228/20 + (-3)/1)/((-411)/(-1370)).
21
Let p = -104 + 29. What is the remainder when 175 is divided by 30/p*(-54 - 1)?
21
Let t(w) = 3*w + 2. Let y be t(-6). Let d be ((-556)/y)/((-2)/(-8)). Suppose -2*s + 535 = d. Calculate the remainder when s is divided by 50.
48
Suppose 29 = 4*g + 3*o - 19, -2*g - o = -24. Calculate the remainder when (39 - -1)*g*76/114 is divided by 54.
50
Suppose -49 + 1 = -4*b. Suppose 137*w - 27*w - 12760 = -179*w + 69*w. What is the remainder when w is divided by b?
10
Suppose -4*f + 3406 - 11171 = -3*t, 0 = t + 5*f - 2563. What is the remainder when t is divided by 68?
67
Calculate the remainder when 68 is divided by (-1)/1*(122/(-6))/(11/33).
7
Let p = -4333 + 4329. Suppose -2*v = v + 165. Calculate the remainder when 38 is divided by v/p + (-11)/(-44).
10
Suppose 5*z + 107 = 2*m, 17*z + 143 = 3*m + 13*z. What is the remainder when 2077 is divided by m?
27
Suppose 5*u = -2*i - 16, -2*u = 3*i - 0*u + 2. Suppose 5*t = 25, -n - i*n = 3*t - 156. What is the remainder when 137 is divided by n?
43
Let y be 13 + (2 - 0 - (4 + -1)). Suppose 0 = 8*a - y*a + 68. Calculate the remainder when a is divided by 15.
2
Let n = 4619 + -4594. What is the remainder when 360 is divided by n?
10
Let q(u) be the second derivative of u**5/20 + u**4/4 + 5*u**3/6 - 5*u**2/2 + 44*u. Calculate the remainder when q(2) is divided by 1.
0
Suppose 7*q - 2*q - 3*u = -20, 0 = 5*u. Let s be 91*(-3)/(-12) - (-3)/q. Calculate the remainder when 82 is divided by 4*-3*(s/6 + -6).
26
Let x = 70 + -68. Suppose 16 = x*y + 12. Suppose -4*o = k - 279 - 79, y*o = 4*k + 170. What is the remainder when o is divided by 15?
14
Suppose 13*q = 22 + 4. Suppose q*k + 2*p = 36, -k + 3*p - 1 + 23 = 0. Let c = -33 - -43. What is the remainder when k is divided by c?
9
Let g = -1 + -3. Let b(j) = j**2 + 3*j - 3. Let n(w) = -w**3 + 20*w**2 + 15*w - 645. What is the remainder when b(g) is divided by n(19)?
0
Suppose -2158 = -5*v + 1327. Suppose -v = 4*b - 2173. Let k = -221 + b. Calculate the remainder when k is divided by 38.
34
Suppose 32*t - 27*t - 4*u = 70, 0 = -5*u - 25. Calculate the remainder when 557 is divided by t.
7
Let g(f) = -35*f - 22. Let y(p) = -p**3 + 9*p**2 - 10*p + 10. Let q be (2 + -1)*14/2. Calculate the remainder when y(q) is divided by g(-1).
12
Let q = 15 + -10. Suppose q*c + 2*v + 44 = 0, v = -2*c + 3 - 20. Calculate the remainder when c/(-3*(-4)/(-24)) is divided by 8.
4
Suppose -a + 20 = 14. Let f = 5 + -3. Suppose x - 22 = -f*d + 20, -d + 28 = -3*x. Calculate the remainder when d is divided by a.
4
Let n be -1*(-3 + 1 + 0). Let f be (-1 -